78 - (95 - 17) - (-2 - (1 - 16)).
-13
What is -37 + -1 - (-16 - (209 - 212))?
-25
Evaluate 58 + 42 + (-7 - 28).
65
Calculate (20 + -2 - 8 - 12 - (27 + -33)) + 7.
11
What is 50 + -1 + (130 + 5 - 162)?
22
Calculate (-5 - 0) + (-38 + -7 - -32).
-18
Calculate 2 + (6 - ((1 - -1) + -13 + 10)).
9
What is 7 - (10 - (0 - -2 - 12))?
-13
Calculate 12 - ((5 - -35) + -49).
21
Evaluate 46 - 1 - (32 - -21).
-8
What is -6 + (0 + 18 - 18)?
-6
Evaluate 58 + -6 + (0 - 3 - 2) + (-16 - -19).
50
What is (14 - (-2 + 6 + -1)) + (5 - (23 + 96))?
-103
What is (-17 - -51) + (10 - -3) - -26?
73
What is 50 - ((3 - 6) + -6 + -3 + 3)?
59
Evaluate -5 - (10 - (-16 + 30 + -74)).
-75
Calculate 417 + -371 - (-1 + 10) - -24.
61
Calculate (192 - 88 - 15) + -88.
1
56 + -86 - (0 - 33) - (-1 - -21)
-17
Evaluate -69 + 0 + (227 - 54 - 150).
-46
111 - (59 + -42 + 38)
56
Calculate 36 - (-8 + (13 - (6 + -1))).
36
-1 - 39 - 61 - -48
-53
Evaluate (60 - 68 - (-13 - 1)) + 1 + -5 + -25.
-23
Calculate -6 - (-3 + (5 + -4 - (-2 - 47))).
-53
What is the value of -9 + (2 - 5) + (63 - 52) - 47?
-48
Evaluate (11 - 5 - 6 - 6) + (59 - 23).
30
(9 + 8 - -5 - 11) + 17 + -46 + -7
-25
Calculate 1 - ((-8 + -5 + 3 - -4) + (-253 - -280)).
-20
Evaluate 21 - -1 - (-4 + -27 + 37).
16
(8 - 37) + 47 + 30 + 8
56
What is -3080 + 3058 - (-5 + 2 + -5)?
-14
Evaluate 4 + 37 + -42 + 9.
8
9 + -104 + (-108 - -223)
20
-17 + -61 + 48 + -11
-41
Calculate 260 + -150 - 82 - (3 + -41).
66
What is 9 + 3 + -4 - ((-21 - -24) + 5)?
0
Evaluate 0 + -10 + (3 - ((56 - 20) + 0)).
-43
71 - 73 - (-7 + 1 - (52 - -31))
87
Calculate 66 + -4 - (-2 - -44).
20
What is 4 + -44 - -1 - ((-59 - -33) + 32)?
-45
617 + -539 + -46 + -14
18
(-32 + 11 + 43 - 14) + 21 + -1
28
(11 + -12 - ((-39 - -32) + -1 + 10)) + -12
-15
What is -1782 - -1760 - (0 - (-11 + 3))?
-30
Calculate 1 + 16 - ((-6 - -27) + 22 + 3).
-29
Calculate -1 + -18 + (25 - (-62 - -50)).
18
Calculate (-3 - (-12 - 4)) + (21 - (-9 - -55)).
-12
What is -2756 - -2683 - (-120 - 1)?
48
What is the value of (1 - 2) + (37 - (7 + 77) - -1)?
-47
Calculate 3 + 66 + -30 - (-1 + 10 + -5).
35
Calculate (-13 - -23 - -10) + 2 + -24.
-2
-42 - -5 - (-78 + 9) - 69
-37
Calculate (1 + 0 + 55 - 2) + (56 - (-76 - -134)).
52
-67 - (-117 + -39 + 109)
-20
170 + -97 + (-31 - 45)
-3
What is the value of -92 + 56 + 82 - (6 + 57)?
-17
What is -99 - (-20 - (-5 - -72))?
-12
What is the value of (1 + -24 - (1864 + -1832)) + (-5 - -1)?
-59
18 + -7 + 13 + -8 + -1 + -45
-30
Calculate (0 - -16) + -51 + -25 + 64.
4
Evaluate 3 - (-2 - 46) - (-81 - -86) - 3.
43
What is -1 + 1 + -2 - (-12 - (-18 + 3 + 62))?
57
What is the value of (-14 - -1 - (-241 + 231 - (0 - 6))) + 61?
52
Calculate 2 + -3 + 0 - (3060 + -3070).
9
Calculate (15 - 35) + 28 - (-5 - -56).
-43
Evaluate 7 - (99 + (5 - 52)).
-45
Evaluate -6 - -31 - 47 - -38 - 94.
-78
Calculate (-20 + 19 - 10) + (11 - (-5 - (-9 - -7))).
3
Calculate 3 + -2 - (-21 + 14) - 40.
-32
Calculate -10 - -2 - -39 - -22 - -36.
89
What is (0 - (4 - -6)) + (15 - (45 + -26))?
-14
What is the value of -29 - (-22 + 8) - ((-57 - -54) + (-2 - 4))?
-6
Calculate -51 + 1 + 7 + 26.
-17
What is 137 - (184 + -109 + 55)?
7
(-7 - 0) + (-6 - -7) - 1 - (5034 + -5016)
-25
What is the value of 41 + 18 + -19 + (-17 - -4)?
27
What is the value of -26 + 28 + 5 + 7 + 7 + (9 - 1)?
29
What is 84 + (8 - 209) + 99?
-18
Evaluate 28 + -96 + -37 + 75.
-30
-54 - 2 - ((-17 - -22) + 21 - 25)
-57
What is -1 + 20 + (0 - 5) + 2 + -1269 + 1351?
98
-33 + 27 + 2 + -30 - -41
7
Calculate 56 - (37 + 30 + -6).
-5
(-46 - (-7 + -3)) + 39
3
Evaluate (-21 - (-29 + 24) - -12) + -14.
-18
Calculate 19 + (179 - 189) + (85 - (-4 + 1)).
97
Evaluate -32 + 29 - -53 - 45.
5
122 - (-42 + 47) - 24 - -30
123
What is the value of 92 + (121 - 162 - -72)?
123
92 - (-30 - -90) - 131
-99
What is 29 + (-66 - 23) + -18 - (2 - -14)?
-94
What is the value of (1 - -3) + 16 + (93 - (183 + -72))?
2
Evaluate (5 - 11 - (-4 + 2)) + (10 - 17) - 34.
-45
15 + (30 + 13 - (4 + 8))
46
Evaluate (5 - (10 - (-2 + 8)) - 7) + -16.
-22
Calculate 2 + 13 + (-59 - (0 - 72)).
28
What is the value of -10 - 4 - (74 + -34 - 40)?
-14
4 + (-113 - -97) + -81
-93
-83 + -1 + (1890 - 1889)
-83
Calculate -27 + -2 - -2 - (166 - (41 + 113)).
-39
What is 0 - 0 - 3 - 16 - (-5421 - -5406)?
-4
What is 65 + -31 + -41 + 1 + 109?
103
-3 + -10 + 13 + 11 + -9 + -6
-4
Evaluate 2 + 50 + (-4 - 11) + 7 + 1.
45
What is the value of 85 - (46 + 39 - 42)?
42
-17 - -7 - (-1 + -7 + (-126 - -196) + -7)
-65
Calculate -28 + (11 - -39) + 63 + -82.
3
(-38 + (37 - 17) - -14) + (-63 - -1)
-66
Evaluate 11 + 2 + 77 - 32.
58
(284 - 479) + (-19 - -141)
-73
Calculate (-4 + -115 - -2) + 825 + -816.
-108
Calculate 28 + -4 + (-15 - (-39 + 5)).
43
What is the value of (-3 - 0 - (225 - 233)) + -4 + 9?
10
-14 + -33 + 140 + -47 + 14 + (0 - 0)
60
-26 - (-59 + (26 - -64))
-57
What is (56 - 109 - 107) + 151?
-9
What is the value of -27 - (45 + -23 - 43)?
-6
Evaluate 21 - (146 + -29 + 30) - -50.
-76
What is 108 + -86 + -3 + -16?
3
Calculate -77 + (-20 - -16) + 24.
-57
Calculate -15 + 16 + -3 + -12 + 18.
4
Calculate (0 + (-40 + 22 - 5) - 105) + 1 + -4.
-131
3 + -1 - ((21 - -4) + -99 + (12 - 13))
77
Evaluate 1 - -9 - (-502 - -554).
-42
Evaluate 1 + -2 + -325 + 290.
-36
(-45 - (-155 - -98)) + (-18 - 0)
-6
Calculate 1 + (40 - -1) + (31 + -11 + -16 - 3).
43
Evaluate (43 + -30 - (9 + -6 + -98) - 11) + 5.
102
Evaluate 6 + -22 + (14 - (41 - 13) - -20) + -46.
-56
Evaluate 2325 + -2395 + 43 + -4 + 3.
-28
What is -1 + 6 + 79 + 10 - ((-16 - -39) + -23)?
94
5 + -3 + -14 + (57 + 40 - 44)
41
Calculate 41 + (9 - (-19 + 27)) - -16.
58
Evaluate (50 - (14 - (10 + -1))) + -4 + -8.
33
Evaluate 14 + -5 - ((-24 - -19) + -19).
33
Calculate -33 - (4 + (-8 - -42) + -10).
-61
Calculate -25 + (-94 - -88) - 5.
-36
Calculate 68 - 259 - -164 - (-1 + -105).
79
What is the value of 0 + -10 + -10 + -31?
-51
Calculate 82 - (352 - 375 - (-1 + -50)).
54
What is -43 + (22 - (-41 - -74)) + -11 + 0?
-65
What is (5 + -1 - 8) + (0 - (-7 + 1))?
2
What is 12 + (-11 - (39 - (-15 - -17) - 18))?
-18
What is the value of (-41 - (-40 + -5)) + 0 - (-1 + 52)?
-47
Calculate -7 - (80 + 15) - -28 - -27.
-47
What is (3 - 41) + (-1 - (8 + 8 + -4 - 10))?
-41
Evaluate (-29 - (38 - 67)) + 2.
2
Evaluate 69 + 3 + 2 + -2 + -96 + 85.
61
Calculate (-51 - (-35 + 15)) + 11.
-20
What is -1 + 2 - (-10 + 19) - (-105 - -105) - 18?
-26
What is -88 + 57 + (-31 - -16) + -8?
-54
What is the value of -50 + (25 - -25) + -3 + -28?
-31
What is the value of -1 + -55 + (-837 - -907)?
14
Calculate (627 - 621) + -20 + -50.
-64
Calculate (-2 + -12 - 0) + (1162 - 1135).
13
What is the value of (-20 - (32 + -65) - -39) + -24?
28
Calculate 146 - 138 - (0 + -1) - -24.
33
Evaluate 0 + 2 + -2 + -12 + (-53 - -76).
11
Evaluate 39 + (35 - (45 - -17) - -51).
63
Evaluate 11 - (-15 + -5 + (-19 + (-13 - -31) - -14)).
18
116 - (-2 - ((-14 - (22 + -17)) + 34))
133
What is 0 - -6 - ((-55 - -2) + 44 + (-60 - -24))?
51
Evaluate -1 + 13 - (-15 + -14 - -22 - 24).
43
Calculate -39 + 11 + -24 + 46.
-6
Calculate -4 - (-74 + (-119 - -109)).
80
What is 1 + -33 - (-27 + 38 - (-10 - -8))?
-45
What is the value of 52 + 7 + (106 - 104 - (13 - 1))?
49
7 + (5 - 138) + (18 - 0 - (121 + -103))
-126
What is -6 + (4 - -11) + -4 + -7 + -2?
-4
Calculate (-66 - -103) + (1 + 7 - 2) + (24 - 19).
48
Calculate 131 + 8 - (10 + (-31 + 13 - -7)) - 10.
130
What is the value of -84 + (45 - (-26 - -39) - 32)?
-84
Calculate (-79 + 26 - -34) + (5 - 9) + 63.
40
-5 + -1 - (-299 - -292) - -8 - (1 + 5)
3
Evaluate (2 + -11 - (96 + -113)) + -3 + 24.
29
Calculate 10 + -25 + 5 + 3 + -3 + 9 + 22.
21
Calculate 32 + -44 + (37 - -5) + -13.
17
(-62 + 60 - 67) + 105
36
What is -37 + -16 + (76 - 44)?
-21
What is the value of -11 + (-46 + 61 - (-3 + 3 - 5))?
9
Evaluate (9 - 16) + 3 + 22 + (-96 - -103).
25
Calculate (38 - 86) + 41 - (-15 - -6).
2
What is the value of (22 - (2 - (-31 - -11))) + 15?
15
8 + ((-1 - 4) + 8 + 51 - (-8 - -8))
62
Calculate -11 - -2 - 3 - (-2 + -3) - (20 - 18).
-9
Calculate -17 - (3 - 10) - (2 + -10 - 57) - 11.
44
What is -1 + 0 + -22 + (85 - (-56 - -136))?
-18
Calculate 115 + 43 + -93 + (12 - -3).
80
Evaluate 3 + -6 - -4 - (1937 + -1858).
-78
(-13 - (9 + -4 + -9)) + 31 + -5 + 4
21
Calculate (-4 - -15 - -1) + (4 - 5) - (341 - 298).
-32
Calculate (-22 - -38) + 